{"id":17,"date":"2016-05-29T09:55:52","date_gmt":"2016-05-29T07:55:52","guid":{"rendered":"http:\/\/www.toniomodio.com\/?page_id=17"},"modified":"2024-07-15T21:39:16","modified_gmt":"2024-07-15T19:39:16","slug":"bio","status":"publish","type":"page","link":"https:\/\/www.toniomodio.com\/home\/bio\/","title":{"rendered":"Bio"},"content":{"rendered":"<style>.kb-row-layout-id17_16e5ba-2f > .kt-row-column-wrap{align-content:start;}:where(.kb-row-layout-id17_16e5ba-2f > .kt-row-column-wrap) > .wp-block-kadence-column{justify-content:start;}.kb-row-layout-id17_16e5ba-2f > .kt-row-column-wrap{column-gap:var(--global-kb-gap-md, 2rem);row-gap:var(--global-kb-gap-md, 2rem);padding-top:var(--global-kb-spacing-sm, 1.5rem);padding-bottom:var(--global-kb-spacing-sm, 1.5rem);grid-template-columns:minmax(0, 1fr);}.kb-row-layout-id17_16e5ba-2f > .kt-row-layout-overlay{opacity:0.30;}@media all and (max-width: 1024px){.kb-row-layout-id17_16e5ba-2f > .kt-row-column-wrap{grid-template-columns:minmax(0, 1fr);}}@media all and (max-width: 767px){.kb-row-layout-id17_16e5ba-2f > .kt-row-column-wrap{grid-template-columns:minmax(0, 1fr);}}<\/style><div class=\"kb-row-layout-wrap kb-row-layout-id17_16e5ba-2f alignnone wp-block-kadence-rowlayout\"><div class=\"kt-row-column-wrap kt-has-1-columns kt-row-layout-equal kt-tab-layout-inherit kt-mobile-layout-row kt-row-valign-top\">\n<style>.kadence-column17_4c9de8-70 > .kt-inside-inner-col,.kadence-column17_4c9de8-70 > .kt-inside-inner-col:before{border-top-left-radius:0px;border-top-right-radius:0px;border-bottom-right-radius:0px;border-bottom-left-radius:0px;}.kadence-column17_4c9de8-70 > .kt-inside-inner-col{column-gap:var(--global-kb-gap-sm, 1rem);}.kadence-column17_4c9de8-70 > .kt-inside-inner-col{flex-direction:column;}.kadence-column17_4c9de8-70 > .kt-inside-inner-col > .aligncenter{width:100%;}.kadence-column17_4c9de8-70 > .kt-inside-inner-col:before{opacity:0.3;}.kadence-column17_4c9de8-70{position:relative;}@media all and (max-width: 1024px){.kadence-column17_4c9de8-70 > .kt-inside-inner-col{flex-direction:column;justify-content:center;}}@media all and (max-width: 767px){.kadence-column17_4c9de8-70 > .kt-inside-inner-col{flex-direction:column;justify-content:center;}}<\/style>\n<div class=\"wp-block-kadence-column kadence-column17_4c9de8-70\"><div class=\"kt-inside-inner-col\"><\/div><\/div>\n\n<\/div><\/div>\n\n<style>.kb-row-layout-id17_869ee5-c0 > .kt-row-column-wrap{align-content:start;}:where(.kb-row-layout-id17_869ee5-c0 > .kt-row-column-wrap) > .wp-block-kadence-column{justify-content:start;}.kb-row-layout-id17_869ee5-c0 > .kt-row-column-wrap{column-gap:var(--global-kb-gap-md, 2rem);row-gap:var(--global-kb-gap-md, 2rem);padding-top:var(--global-kb-spacing-sm, 1.5rem);padding-bottom:var(--global-kb-spacing-sm, 1.5rem);grid-template-columns:minmax(0, 1fr);}.kb-row-layout-id17_869ee5-c0 > .kt-row-layout-overlay{opacity:0.30;}@media all and (max-width: 1024px){.kb-row-layout-id17_869ee5-c0 > .kt-row-column-wrap{grid-template-columns:minmax(0, 1fr);}}@media all and (max-width: 767px){.kb-row-layout-id17_869ee5-c0 > .kt-row-column-wrap{grid-template-columns:minmax(0, 1fr);}}<\/style><div class=\"kb-row-layout-wrap kb-row-layout-id17_869ee5-c0 alignnone wp-block-kadence-rowlayout\"><div class=\"kt-row-column-wrap kt-has-1-columns kt-row-layout-equal kt-tab-layout-inherit kt-mobile-layout-row kt-row-valign-top\">\n<style>.kadence-column17_715800-95 > .kt-inside-inner-col,.kadence-column17_715800-95 > .kt-inside-inner-col:before{border-top-left-radius:0px;border-top-right-radius:0px;border-bottom-right-radius:0px;border-bottom-left-radius:0px;}.kadence-column17_715800-95 > .kt-inside-inner-col{column-gap:var(--global-kb-gap-sm, 1rem);}.kadence-column17_715800-95 > .kt-inside-inner-col{flex-direction:column;}.kadence-column17_715800-95 > .kt-inside-inner-col > .aligncenter{width:100%;}.kadence-column17_715800-95 > .kt-inside-inner-col:before{opacity:0.3;}.kadence-column17_715800-95{position:relative;}@media all and (max-width: 1024px){.kadence-column17_715800-95 > .kt-inside-inner-col{flex-direction:column;justify-content:center;}}@media all and (max-width: 767px){.kadence-column17_715800-95 > .kt-inside-inner-col{flex-direction:column;justify-content:center;}}<\/style>\n<div class=\"wp-block-kadence-column kadence-column17_715800-95\"><div class=\"kt-inside-inner-col\"><\/div><\/div>\n\n<\/div><\/div>\n\n\n<figure class=\"wp-block-image alignleft is-resized\"><img data-recalc-dims=\"1\" loading=\"lazy\" decoding=\"async\" width=\"300\" height=\"297\" src=\"https:\/\/i0.wp.com\/www.toniomodio.com\/wp-content\/uploads\/2016\/05\/bio-tonio-2-web-300x297.jpg?resize=300%2C297\" alt=\"bio-tonio-2-web\" class=\"wp-image-20\" style=\"width:174px;height:auto\" srcset=\"https:\/\/i0.wp.com\/www.toniomodio.com\/wp-content\/uploads\/2016\/05\/bio-tonio-2-web.jpg?resize=300%2C297&amp;ssl=1 300w, https:\/\/i0.wp.com\/www.toniomodio.com\/wp-content\/uploads\/2016\/05\/bio-tonio-2-web.jpg?resize=150%2C150&amp;ssl=1 150w, https:\/\/i0.wp.com\/www.toniomodio.com\/wp-content\/uploads\/2016\/05\/bio-tonio-2-web.jpg?resize=80%2C80&amp;ssl=1 80w, https:\/\/i0.wp.com\/www.toniomodio.com\/wp-content\/uploads\/2016\/05\/bio-tonio-2-web.jpg?w=600&amp;ssl=1 600w\" sizes=\"auto, (max-width: 300px) 100vw, 300px\" \/><\/figure>\n\n\n\n<p> Anthony Batista, photographe ind\u00e9pendant depuis 2009 (n\u00b0 SIRET-511 398 596 000 11) bas\u00e9 dans les Pyr\u00e9n\u00e9es-Atlantiques (64).       Diplom\u00e9 en photographie \u00e0 Newcastle College en 2008. J&rsquo;exerce en tant que freelance depuis et mon portfolio se compose essentiellement de prestations pour les \u00e9v\u00e8nements artistiques et des commandes pour l&rsquo;industrie. Mon travail personnel est centr\u00e9 sur le paysage en noir et blanc.<\/p>\n\n\n\n<p> Mon studio est mobile et m&rsquo;accompagne sur toutes mes interventions. Je suis capable de cr\u00e9er une lumi\u00e8re dans n&rsquo;importe quel environnement et je peux m&rsquo;adapter \u00e0 vos contraintes sans aucun probl\u00e8me.<\/p>\n\n\n\n<p>Anthony Batista, freelance photographer since 2009 and based in France (South West coast). I graduated in Photography at Newcastle College in 2008. Since then, I have been working as a freelance photographer and my portfolio is essentially centered around artisitic events and industry orders. My personal work is based on landscapes in black and white.<\/p>\n\n\n\n<p>My studio is mobile et I can carry all my gear to where i need to. I can create light anywhere and I can adapt to any environment or needs.<\/p>\n\n\n\n<p><strong>All the photographs on this site are available for printing and are Digigraphie\u00ae certified. If you wish to purchase a print, please contact me <a href=\"https:\/\/www.toniomodio.com\/home\/contact\/\">here<\/a><\/strong><\/p>\n\n\n<style>.kb-row-layout-id17_1529d9-fd > .kt-row-column-wrap{align-content:start;}:where(.kb-row-layout-id17_1529d9-fd > .kt-row-column-wrap) > .wp-block-kadence-column{justify-content:start;}.kb-row-layout-id17_1529d9-fd > .kt-row-column-wrap{column-gap:var(--global-kb-gap-md, 2rem);row-gap:var(--global-kb-gap-md, 2rem);padding-top:var(--global-kb-spacing-sm, 1.5rem);padding-bottom:var(--global-kb-spacing-sm, 1.5rem);grid-template-columns:minmax(0, 1fr);}.kb-row-layout-id17_1529d9-fd > .kt-row-layout-overlay{opacity:0.30;}@media all and (max-width: 1024px){.kb-row-layout-id17_1529d9-fd > .kt-row-column-wrap{grid-template-columns:minmax(0, 1fr);}}@media all and (max-width: 767px){.kb-row-layout-id17_1529d9-fd > .kt-row-column-wrap{grid-template-columns:minmax(0, 1fr);}}<\/style><div class=\"kb-row-layout-wrap kb-row-layout-id17_1529d9-fd alignnone wp-block-kadence-rowlayout\"><div class=\"kt-row-column-wrap kt-has-2-columns kt-row-layout-row kt-tab-layout-inherit kt-mobile-layout-row kt-row-valign-top\">\n<style>.kadence-column17_0f23a4-bc > .kt-inside-inner-col{border-top-width:0px;border-right-width:0px;border-bottom-width:0px;border-left-width:0px;}.kadence-column17_0f23a4-bc > .kt-inside-inner-col,.kadence-column17_0f23a4-bc > .kt-inside-inner-col:before{border-top-left-radius:0px;border-top-right-radius:0px;border-bottom-right-radius:0px;border-bottom-left-radius:0px;}.kadence-column17_0f23a4-bc > .kt-inside-inner-col{column-gap:var(--global-kb-gap-sm, 1rem);}.kadence-column17_0f23a4-bc > .kt-inside-inner-col{flex-direction:column;}.kadence-column17_0f23a4-bc > .kt-inside-inner-col > .aligncenter{width:100%;}.kadence-column17_0f23a4-bc > .kt-inside-inner-col:before{opacity:0.3;}.kadence-column17_0f23a4-bc{position:relative;}@media all and (max-width: 1024px){.kadence-column17_0f23a4-bc > .kt-inside-inner-col{flex-direction:column;justify-content:center;}}@media all and (max-width: 767px){.kadence-column17_0f23a4-bc > .kt-inside-inner-col{flex-direction:column;justify-content:center;}}<\/style>\n<div class=\"wp-block-kadence-column kadence-column17_0f23a4-bc\"><div class=\"kt-inside-inner-col\"><\/div><\/div>\n\n\n<style>.kadence-column17_29022c-b9 > .kt-inside-inner-col,.kadence-column17_29022c-b9 > .kt-inside-inner-col:before{border-top-left-radius:0px;border-top-right-radius:0px;border-bottom-right-radius:0px;border-bottom-left-radius:0px;}.kadence-column17_29022c-b9 > .kt-inside-inner-col{column-gap:var(--global-kb-gap-sm, 1rem);}.kadence-column17_29022c-b9 > .kt-inside-inner-col{flex-direction:column;}.kadence-column17_29022c-b9 > .kt-inside-inner-col > .aligncenter{width:100%;}.kadence-column17_29022c-b9 > .kt-inside-inner-col:before{opacity:0.3;}.kadence-column17_29022c-b9{position:relative;}@media all and (max-width: 1024px){.kadence-column17_29022c-b9 > .kt-inside-inner-col{flex-direction:column;justify-content:center;}}@media all and (max-width: 767px){.kadence-column17_29022c-b9 > .kt-inside-inner-col{flex-direction:column;justify-content:center;}}<\/style>\n<div class=\"wp-block-kadence-column kadence-column17_29022c-b9\"><div class=\"kt-inside-inner-col\"><\/div><\/div>\n\n<\/div><\/div>","protected":false},"excerpt":{"rendered":"<p>Anthony Batista, photographe ind\u00e9pendant depuis 2009 (n\u00b0 SIRET-511 398 596 000 11) bas\u00e9 dans les Pyr\u00e9n\u00e9es-Atlantiques (64). Diplom\u00e9 en photographie \u00e0 Newcastle College en 2008. J&rsquo;exerce en tant que freelance depuis et mon portfolio se compose essentiellement de prestations pour les \u00e9v\u00e8nements artistiques et des commandes pour l&rsquo;industrie. Mon travail personnel est centr\u00e9 sur le&#8230;<\/p>\n","protected":false},"author":1,"featured_media":20,"parent":0,"menu_order":0,"comment_status":"closed","ping_status":"closed","template":"","meta":{"_kad_post_transparent":"enable","_kad_post_title":"hide","_kad_post_layout":"","_kad_post_sidebar_id":"","_kad_post_content_style":"","_kad_post_vertical_padding":"default","_kad_post_feature":"","_kad_post_feature_position":"","_kad_post_header":false,"_kad_post_footer":false,"_kad_post_classname":"","footnotes":""},"class_list":["post-17","page","type-page","status-publish","has-post-thumbnail","hentry"],"jetpack-related-posts":[],"jetpack_sharing_enabled":true,"_links":{"self":[{"href":"https:\/\/www.toniomodio.com\/home\/wp-json\/wp\/v2\/pages\/17","targetHints":{"allow":["GET"]}}],"collection":[{"href":"https:\/\/www.toniomodio.com\/home\/wp-json\/wp\/v2\/pages"}],"about":[{"href":"https:\/\/www.toniomodio.com\/home\/wp-json\/wp\/v2\/types\/page"}],"author":[{"embeddable":true,"href":"https:\/\/www.toniomodio.com\/home\/wp-json\/wp\/v2\/users\/1"}],"replies":[{"embeddable":true,"href":"https:\/\/www.toniomodio.com\/home\/wp-json\/wp\/v2\/comments?post=17"}],"version-history":[{"count":15,"href":"https:\/\/www.toniomodio.com\/home\/wp-json\/wp\/v2\/pages\/17\/revisions"}],"predecessor-version":[{"id":9937,"href":"https:\/\/www.toniomodio.com\/home\/wp-json\/wp\/v2\/pages\/17\/revisions\/9937"}],"wp:featuredmedia":[{"embeddable":true,"href":"https:\/\/www.toniomodio.com\/home\/wp-json\/wp\/v2\/media\/20"}],"wp:attachment":[{"href":"https:\/\/www.toniomodio.com\/home\/wp-json\/wp\/v2\/media?parent=17"}],"curies":[{"name":"wp","href":"https:\/\/api.w.org\/{rel}","templated":true}]}}